{"id":282,"date":"2025-12-17T20:41:27","date_gmt":"2025-12-17T20:41:27","guid":{"rendered":"https:\/\/wp.eydel.net\/?page_id=282"},"modified":"2025-12-17T20:48:36","modified_gmt":"2025-12-17T20:48:36","slug":"impressum-datenschutz","status":"publish","type":"page","link":"https:\/\/www.eydel.net\/?page_id=282","title":{"rendered":"Impressum\/Datenschutz"},"content":{"rendered":"\t\t<div data-elementor-type=\"wp-page\" data-elementor-id=\"282\" class=\"elementor elementor-282\">\n\t\t\t\t<div class=\"elementor-element elementor-element-416a965 e-flex e-con-boxed e-con e-parent\" data-id=\"416a965\" data-element_type=\"container\" data-settings=\"{&quot;background_background&quot;:&quot;classic&quot;}\">\n\t\t\t\t\t<div class=\"e-con-inner\">\n\t\t\t\t<div class=\"elementor-element elementor-element-e106c88 elementor-widget elementor-widget-heading\" data-id=\"e106c88\" data-element_type=\"widget\" data-widget_type=\"heading.default\">\n\t\t\t\t\t<h2 class=\"elementor-heading-title elementor-size-default\">Pflichtangaben gem\u00e4\u00df \u00a7 5 Telemediengesetz<\/h2>\t\t\t\t<\/div>\n\t\t\t\t<div class=\"elementor-element elementor-element-fb8a01f elementor-widget elementor-widget-text-editor\" data-id=\"fb8a01f\" data-element_type=\"widget\" data-widget_type=\"text-editor.default\">\n\t\t\t\t\t\t\t\t\t<p>Verantwortlich f\u00fcr den Inhalt:<br \/>Gemeinschaftspraxis Zahn\u00e4rzte Eydel<br \/>Dr. Uta Eydel &amp; Dr. Franz Eydel<br \/>Neustra\u00dfe 30 \u00b7 54290 Trier<br \/>Tel.: (0651) 74414<\/p><p>Umsatzsteuer-Identifikationsnummer gem\u00e4\u00df \u00a7 27a Umsatzsteuergesetz: DE 189 699 046<\/p><p>Berufsbezeichnungen: Zahn\u00e4rztin\/Zahnarzt, Deutschland<\/p><p>Zust\u00e4ndige Aufsichtsbeh\u00f6rde und Kammer: Bezirkszahn\u00e4rztekammer Trier,<br \/>www.bzk-trier.de<\/p>\t\t\t\t\t\t\t\t<\/div>\n\t\t\t\t<div class=\"elementor-element elementor-element-9b79d07 elementor-widget elementor-widget-heading\" data-id=\"9b79d07\" data-element_type=\"widget\" data-widget_type=\"heading.default\">\n\t\t\t\t\t<h2 class=\"elementor-heading-title elementor-size-default\">Haftungsausschluss<\/h2>\t\t\t\t<\/div>\n\t\t\t\t<div class=\"elementor-element elementor-element-9ff21a4 elementor-widget elementor-widget-text-editor\" data-id=\"9ff21a4\" data-element_type=\"widget\" data-widget_type=\"text-editor.default\">\n\t\t\t\t\t\t\t\t\t<p>Dieser Webauftritt wurde mit gr\u00f6\u00dftm\u00f6glicher Sorgfalt erstellt und \u00fcberpr\u00fcft. Der Herausgeber \u00fcbernimmt jedoch keinerlei Gew\u00e4hr f\u00fcr die Aktualit\u00e4t, Korrektheit, Vollst\u00e4ndigkeit oder Qualit\u00e4t der bereitgestellten Informationen. Der Herausgeber schlie\u00dft jegliche Haftung f\u00fcr Sch\u00e4den, die durch die Nutzung oder Nichtnutzung der dargebotenen Informationen bzw. durch die Nutzung fehlerhafter und unvollst\u00e4ndiger Informationen verursacht wurden, grunds\u00e4tzlich aus, sofern seitens des Herausgebers kein nachweislich vors\u00e4tzliches oder grob fahrl\u00e4ssiges Verschulden vorliegt.<\/p>\t\t\t\t\t\t\t\t<\/div>\n\t\t\t\t<div class=\"elementor-element elementor-element-3922d16 elementor-widget elementor-widget-heading\" data-id=\"3922d16\" data-element_type=\"widget\" data-widget_type=\"heading.default\">\n\t\t\t\t\t<h2 class=\"elementor-heading-title elementor-size-default\">Datenschutzerkl\u00e4rung<\/h2>\t\t\t\t<\/div>\n\t\t\t\t<div class=\"elementor-element elementor-element-6e10167 elementor-widget elementor-widget-text-editor\" data-id=\"6e10167\" data-element_type=\"widget\" data-widget_type=\"text-editor.default\">\n\t\t\t\t\t\t\t\t\t<p>In unserer Praxis ist Dr. Franz Eydel, Neustr. 30, 54290 Trier f\u00fcr den Datenschutz verantwortlich. Wir nehmen den Schutz Ihrer pers\u00f6nlichen Daten sehr ernst und behandeln Ihre personenbezogenen Daten vertraulich und entsprechend der gesetzlichen Datenschutzvorschriften sowie dieser Datenschutzerkl\u00e4rung.<br \/>Da Sie unsere Internetseite ausschlie\u00dflich dazu nutzen, sich \u00fcber unsere Praxis zu informieren, erheben wir automatisch nur die personenbezogenen Daten, die Ihr Browser an unseren Server \u00fcbermittelt.<br \/><br \/>Wenn Sie unsere Website betrachten m\u00f6chten, erheben wir die folgenden Daten, die f\u00fcr uns technisch erforderlich sind, um Ihnen unsere Website anzuzeigen und die Stabilit\u00e4t und Sicherheit zu gew\u00e4hrleisten (Rechtsgrundlage ist Art. 6 Abs. 1 S. 1 lit. F DSVGO):<br \/>&#8211; IP-Adresse<br \/>&#8211; Datum und Uhrzeit der Anfrage<br \/>&#8211; Zeitzonendifferenz Greenwich Mean Time (GMT)<br \/>&#8211; Inhalt der Anforderung (konkrete Seite)<br \/>&#8211; Zugriffsstatus\/http-Statuscode<br \/>&#8211; Jeweils \u00fcbertragene Datenmenge<br \/>&#8211; Website, von der die Anforderung kommt<br \/>&#8211; Browser<br \/>&#8211; Betriebssystem und dessen Oberfl\u00e4che<br \/>&#8211; Sprache und Version der Browsersoftware<\/p><p>Zus\u00e4tzlich zu diesen Daten werden bei Ihrer Nutzung unserer Internetseite auch Cookies auf Ihrem Rechner gespeichert. Bei Cookies handelt es sich um kleine Textdateien, die auf Ihrer Festplatte, dem von Ihnen verwendeten Browser zugeordnet,\u00a0 gespeichert werden und durch welche Stelle, die den Cookie setzt (hier durch uns), bestimmte Informationen zuflie\u00dfen. Cookies k\u00f6nnen keine Programme ausf\u00fchren oder Viren auf Ihren Computer \u00fcbertragen. Sie dienen dazu, das Internetangebot insgesamt nutzerfreundlicher und effektiver zu machen.<br \/>Sie k\u00f6nnen Ihre Browser-Einstellung entsprechend Ihren W\u00fcnschen konfigurieren und z.B. die Annahme von Third-Party-Cookies oder allen Cookies ablehnen. Wir weisen darauf hin, dass Sie eventuell nicht alle Funktionen dieser Website nutzen k\u00f6nnen.<\/p><p>Wollen Sie per E-Mail mit uns Kontakt aufnehmen, werden die von Ihnen mitgeteilten Daten (E-Mail Adresse, Name, Telefonnummer) von uns gespeichert, um Ihre Mail beantworten zu k\u00f6nnen. Die in diesem Zusammenhang anfallenden Daten l\u00f6schen wir, nachdem die Speicherung nicht mehr erforderlich ist, oder schr\u00e4nken die Verarbeitung ein, falls gesetzliche Aufbewahrungsfristen bestehen (Rechtsgrundlage ist Art. 6 Abs. 1 S. 1 litt. B DSGVO) \u00a0<\/p><p>Sie haben gegen\u00fcber uns folgende Rechte hinsichtlich der Sie betreffenden personenbezogenen Daten:<br \/>&#8211; Recht auf Auskunft<br \/>&#8211; Recht auf Berichtigung oder L\u00f6schung<br \/>&#8211; Recht auf Einschr\u00e4nkung der Verarbeitung<br \/>&#8211; Recht auf Widerspruch gegen die Verarbeitung<br \/>&#8211; Recht auf Daten\u00fcbertragbarkeit<\/p><p>Sie haben die M\u00f6glichkeit, sich mit einer Beschwerde im Zusammenhang mit der Datenverarbeitung an die f\u00fcr uns zust\u00e4ndige Datenschutzaufsicht zu wenden:<br \/>Der Landesbeauftragte f\u00fcr den Datenschutz Rheinland-Pfalz<br \/>Prof. Dr. Dieter Kugelmann<br \/>Hintere Bleiche 34<br \/>55116 Mainz<\/p><p>Trier, den 23.03.2018, Dr. Franz Eydel<br \/>\u00a0<\/p><p>Fotos:<br \/>Klaus Dieter Theis &#8211; Fotografie<br \/>Granastra\u00dfe 40 \u00b7 54329 Konz<br \/>M: fotokd@yahoo.de<br \/>www.kd-theis-fotografie.de<\/p><p>Gestaltung der Website:<br \/>Thomas Lichtenthal<br \/>Grafik-Design &amp; Illustration<br \/>Karl-Marx-Str. 17 \u00b7 54290 Trier<br \/>M: info@thomas-lichtenthal.de<br \/>www.thomas-lichtenthal.de<\/p><p>Programmierung der Website:<br \/>Leon Becker<br \/>LTR-Online<br \/>Am Hohberg 23 &#8211; 54329 Konz<br \/>E-Mail: Leon@Becker-konz.de<\/p>\t\t\t\t\t\t\t\t<\/div>\n\t\t\t\t\t<\/div>\n\t\t\t\t<\/div>\n\t\t\t\t<\/div>\n\t\t","protected":false},"excerpt":{"rendered":"<p>Pflichtangaben gem\u00e4\u00df \u00a7 5 Telemediengesetz Verantwortlich f\u00fcr den Inhalt:Gemeinschaftspraxis Zahn\u00e4rzte EydelDr. Uta Eydel &amp; Dr. Franz EydelNeustra\u00dfe 30 \u00b7 54290 TrierTel.: (0651) 74414 Umsatzsteuer-Identifikationsnummer gem\u00e4\u00df \u00a7 27a Umsatzsteuergesetz: DE 189 699 046 Berufsbezeichnungen: Zahn\u00e4rztin\/Zahnarzt, Deutschland Zust\u00e4ndige Aufsichtsbeh\u00f6rde und Kammer: Bezirkszahn\u00e4rztekammer Trier,www.bzk-trier.de Haftungsausschluss Dieser Webauftritt wurde mit gr\u00f6\u00dftm\u00f6glicher Sorgfalt erstellt und \u00fcberpr\u00fcft. Der Herausgeber \u00fcbernimmt jedoch [&hellip;]<\/p>\n","protected":false},"author":1,"featured_media":0,"parent":0,"menu_order":0,"comment_status":"closed","ping_status":"closed","template":"elementor_header_footer","meta":{"footnotes":""},"class_list":["post-282","page","type-page","status-publish","hentry"],"_links":{"self":[{"href":"https:\/\/www.eydel.net\/index.php?rest_route=\/wp\/v2\/pages\/282","targetHints":{"allow":["GET"]}}],"collection":[{"href":"https:\/\/www.eydel.net\/index.php?rest_route=\/wp\/v2\/pages"}],"about":[{"href":"https:\/\/www.eydel.net\/index.php?rest_route=\/wp\/v2\/types\/page"}],"author":[{"embeddable":true,"href":"https:\/\/www.eydel.net\/index.php?rest_route=\/wp\/v2\/users\/1"}],"replies":[{"embeddable":true,"href":"https:\/\/www.eydel.net\/index.php?rest_route=%2Fwp%2Fv2%2Fcomments&post=282"}],"version-history":[{"count":4,"href":"https:\/\/www.eydel.net\/index.php?rest_route=\/wp\/v2\/pages\/282\/revisions"}],"predecessor-version":[{"id":286,"href":"https:\/\/www.eydel.net\/index.php?rest_route=\/wp\/v2\/pages\/282\/revisions\/286"}],"wp:attachment":[{"href":"https:\/\/www.eydel.net\/index.php?rest_route=%2Fwp%2Fv2%2Fmedia&parent=282"}],"curies":[{"name":"wp","href":"https:\/\/api.w.org\/{rel}","templated":true}]}}